{"id":2,"date":"2020-08-25T14:29:15","date_gmt":"2020-08-25T12:29:15","guid":{"rendered":"http:\/\/aikidometz.fr\/?page_id=2"},"modified":"2020-09-12T13:14:53","modified_gmt":"2020-09-12T11:14:53","slug":"page-d-exemple","status":"publish","type":"page","link":"https:\/\/aikidometz.fr\/?page_id=2","title":{"rendered":"L\u2019A\u00efkido"},"content":{"rendered":"\n<div class=\"wp-block-group\"><div class=\"wp-block-group__inner-container is-layout-flow wp-block-group-is-layout-flow\">\n<figure class=\"wp-block-image is-style-default\"><img decoding=\"async\" loading=\"lazy\" width=\"300\" height=\"369\" src=\"http:\/\/aikidometz.fr\/wp-content\/uploads\/2020\/08\/300px-Morihei-Ueshiba.jpg\" alt=\"\" class=\"wp-image-30\" srcset=\"https:\/\/aikidometz.fr\/wp-content\/uploads\/2020\/08\/300px-Morihei-Ueshiba.jpg 300w, https:\/\/aikidometz.fr\/wp-content\/uploads\/2020\/08\/300px-Morihei-Ueshiba-244x300.jpg 244w\" sizes=\"(max-width: 300px) 100vw, 300px\" \/><figcaption>M<strong>a\u00eetre Morihei Ueshiba<\/strong><\/figcaption><\/figure>\n<\/div><\/div>\n\n\n\n<p class=\"has-text-align-left\"><strong>L\u2019a\u00efkido est un art martial japonais fond\u00e9 par Ma\u00eetre Morihei Ueshiba.<\/strong><br><br>Le Ma\u00eetre a v\u00e9cu une vie de guerrier \u00e0 la recherche de la perfection technique et d\u2019un id\u00e9al universel et il&nbsp;comprit que l\u2019essentiel n\u2019est pas de vaincre un adversaire mais de garder la paix en ce monde.<br><br><strong>L\u2019a\u00efkido est un ensemble de techniques pour se d\u00e9fendre face \u00e0 des attaques \u00e0 mains nues ou arm\u00e9es d\u2019un couteau, d\u2019un b\u00e2ton ou d\u2019un sabre.<\/strong><br><br>C\u2019est un art d\u00e9fensif qui utilise principalement la force de l\u2019autre pour le neutraliser.<br>De ce fait, il est ouvert \u00e0 toute personne sans distinction d\u2019\u00e2ge, de force ou de sexe.<br><br><strong>L\u2019absence de comp\u00e9tition favorise la valorisation mutuelle, un esprit d\u2019entraide et une ouverture vers les autres.<\/strong>.<\/p>\n","protected":false},"excerpt":{"rendered":"<p>L\u2019a\u00efkido est un art martial japonais fond\u00e9 par Ma\u00eetre Morihei Ueshiba. Le Ma\u00eetre a v\u00e9cu une vie de guerrier \u00e0 la recherche de la perfection technique et d\u2019un id\u00e9al universel <a class=\"more-link\" href=\"https:\/\/aikidometz.fr\/?page_id=2\">Continue Reading &rarr;<\/a><\/p>\n","protected":false},"author":1,"featured_media":0,"parent":0,"menu_order":0,"comment_status":"closed","ping_status":"open","template":"","meta":{"footnotes":""},"_links":{"self":[{"href":"https:\/\/aikidometz.fr\/index.php?rest_route=\/wp\/v2\/pages\/2"}],"collection":[{"href":"https:\/\/aikidometz.fr\/index.php?rest_route=\/wp\/v2\/pages"}],"about":[{"href":"https:\/\/aikidometz.fr\/index.php?rest_route=\/wp\/v2\/types\/page"}],"author":[{"embeddable":true,"href":"https:\/\/aikidometz.fr\/index.php?rest_route=\/wp\/v2\/users\/1"}],"replies":[{"embeddable":true,"href":"https:\/\/aikidometz.fr\/index.php?rest_route=%2Fwp%2Fv2%2Fcomments&post=2"}],"version-history":[{"count":4,"href":"https:\/\/aikidometz.fr\/index.php?rest_route=\/wp\/v2\/pages\/2\/revisions"}],"predecessor-version":[{"id":107,"href":"https:\/\/aikidometz.fr\/index.php?rest_route=\/wp\/v2\/pages\/2\/revisions\/107"}],"wp:attachment":[{"href":"https:\/\/aikidometz.fr\/index.php?rest_route=%2Fwp%2Fv2%2Fmedia&parent=2"}],"curies":[{"name":"wp","href":"https:\/\/api.w.org\/{rel}","templated":true}]}}